76. Determine a(1).
9
Let c(g) = -3*g**3 - 26*g**2 + 266*g - 349. Determine c(6).
-337
Let y(u) = 4*u**3 + 153*u**2 - 116*u + 477. Calculate y(-39).
438
Let j(h) = -145*h - 4692. Calculate j(-36).
528
Let q(d) = d**3 + 10*d**2 + 56*d + 832. Calculate q(-13).
-403
Let i(s) = -s**3 - 553*s**2 + 1142*s + 325764. Give i(-554).
12
Let a(q) = 201*q**2 - 2382*q + 1913. What is a(11)?
32
Let m(s) = 2*s**2 + 65*s - 2685. What is m(-61)?
792
Let s(c) = 3*c**2 + 14874*c + 133674. Calculate s(-9).
51
Let a(i) = -52*i**2 + 1393*i + 9871. Give a(-7).
-2428
Let i(t) = 1969*t - 190995. Determine i(97).
-2
Let l(g) = 64739*g - 453156. Calculate l(7).
17
Let p(l) = -16106*l + 1014654. Calculate p(63).
-24
Let k(q) = 2*q**2 + 534*q - 3848. Determine k(-274).
-12
Let r(f) = 4*f**3 - 133*f**2 - 330*f + 7767. Calculate r(34).
15
Let t(q) = 3*q**2 - 272*q + 1588. Calculate t(6).
64
Let u(i) = 41*i + 626. Give u(-5).
421
Let y(d) = 15*d**2 + 76*d - 431. Calculate y(-9).
100
Let a(q) = 56486*q + 451883. Determine a(-8).
-5
Let x(p) = -97*p**2 - 537*p + 469. Give x(-6).
199
Let c(s) = 3*s**2 + 19*s - 43. Calculate c(-8).
-3
Let u(x) = -68*x**2 + 154*x + 1456. Give u(6).
-68
Let c(i) = -1247*i - 148389. Determine c(-119).
4
Let x(s) = s**2 + 8754*s - 175477. Calculate x(20).
3
Let i(z) = 1062*z**2 - 1122534*z - 6. What is i(1057)?
-6
Let i(m) = -15*m**2 + 376*m - 55. Determine i(25).
-30
Let m(q) = -7586*q + 455725. What is m(60)?
565
Let n(l) = -l**2 + 30*l - 128. Calculate n(-19).
-1059
Let d(k) = 167193*k - 3511099. What is d(21)?
-46
Let v(h) = 287834*h + 6908018. What is v(-24)?
2
Let s(f) = -f**3 + 46*f**2 - 165*f - 2607. Determine s(40).
393
Let o(d) = -d**3 + 26*d**2 - 823*d + 22487. Determine o(26).
1089
Let o(x) = 2*x**2 - 109*x - 3445. Give o(-23).
120
Let c(s) = -6*s**3 + 1430*s**2 + 950*s + 1397. Calculate c(239).
-37
Let p(s) = -20*s**2 - 3866*s - 936. Determine p(-193).
222
Let p(q) = 19*q**3 + 6367*q**2 + 669*q - 577. Give p(-335).
-242
Let f(o) = -o**3 + 111*o**2 + 14609*o - 1625296. Give f(113).
-17
Let d(s) = -2935*s**2 - 11754*s - 59. Calculate d(-4).
-3
Let v(n) = 17*n**3 + 488*n**2 - 21*n - 56. Determine v(-29).
-3652
Let y(p) = -43030*p - 2538759. Calculate y(-59).
11
Let u(h) = 40*h**3 - 5640*h**2 + 7*h - 987. Give u(141).
0
Let o(c) = 12*c + 2487. Calculate o(-126).
975
Let u(k) = k**2 + 1246*k + 79282. Determine u(-68).
-822
Let q(b) = -244*b + 52020. Calculate q(213).
48
Let o(r) = 710*r - 73194. What is o(102)?
-774
Let u(z) = 3*z**3 + 2*z**2 + 26*z - 19. Give u(-4).
-283
Let d(q) = 1460*q**2 + 1482*q + 32. Calculate d(-1).
10
Let b(m) = 12*m**3 - 27*m**2 + m - 27. Give b(3).
57
Let t(l) = -446079*l - 446106. What is t(-1)?
-27
Let r(n) = -53*n + 5106. Calculate r(77).
1025
Let p(a) = -508*a - 1402. Give p(-9).
3170
Let w(u) = 2*u**3 - 13*u**2 + 275. Calculate w(13).
2472
Let a(h) = h**3 - 14*h**2 - 1565*h + 19081. Determine a(12).
13
Let t(n) = -108*n + 3475. Determine t(32).
19
Let f(i) = i**2 + 33*i - 2184. Give f(-84).
2100
Let g(a) = -649*a + 7432. Give g(16).
-2952
Let d(m) = -2893*m + 138868. Determine d(48).
4
Let d(o) = -2*o**3 + 95*o**2 - 397*o - 163. What is d(43)?
-593
Let b(j) = 3*j**2 - 211*j + 2401. Give b(58).
255
Let a(s) = -s**3 + 88*s**2 - 573*s + 1287. Calculate a(81).
801
Let v(u) = 3*u**2 - 189*u + 3500. Determine v(34).
542
Let c(i) = 14285*i - 171316. What is c(12)?
104
Let n(w) = -936*w + 186920. What is n(200)?
-280
Let a(f) = 10*f**3 + 76*f**2 + 133*f + 111. What is a(-6)?
-111
Let y(l) = 2*l**3 - 21*l**2 + 1107*l - 11998. Calculate y(11).
300
Let z(n) = n**3 + 70*n**2 - 353*n - 4202. Determine z(-74).
16
Let g(x) = -2578*x + 783709. What is g(304)?
-3
Let r(l) = 15*l**2 + 2106*l + 69687. Calculate r(-87).
0
Let t(x) = 6*x**3 - 20*x**2 - 89*x + 272. What is t(3)?
-13
Let s(z) = -2*z**2 - 134*z - 1374. Give s(-53).
110
Let h(b) = -49*b**2 - 17*b - 6. Give h(-2).
-168
Let r(m) = -127986*m + 19709846. Calculate r(154).
2
Let f(n) = -16596*n + 2788119. Give f(168).
-9
Let a(w) = -107*w**3 + 12515*w**2 + 480*w - 1401. Calculate a(117).
3
Let v(w) = 8*w**2 + 1436*w - 93964. Determine v(51).
80
Let k(x) = 826*x - 21138. Determine k(29).
2816
Let r(g) = 2879*g**2 - 14381*g + 84. Determine r(5).
154
Let u(f) = -109*f**3 + 429*f**2 + 39*f - 87. What is u(4)?
-43
Let x(t) = -357*t + 27645. Calculate x(78).
-201
Let u(p) = -8*p**3 + 4*p**2 + 555*p - 2236. Give u(4).
-464
Let f(i) = -i**3 - 267*i**2 - 1822*i - 93. Determine f(-7).
-79
Let i(a) = -2*a**3 + 107*a**2 - 227*a + 4767. Give i(52).
1075
Let w(o) = 547568*o - 2190279. Determine w(4).
-7
Let x(l) = -47*l**3 - 7*l**2 - 9*l + 5. Give x(-3).
1238
Let d(u) = u**2 + 183*u + 7943. Calculate d(-108).
-157
Let h(d) = -27304*d - 4040993. What is h(-148)?
-1
Let b(d) = 22*d**3 + 615*d**2 - 2852*d - 119. Determine b(-32).
9
Let q(p) = -p**3 + 95*p**2 - 359*p - 38. Calculate q(4).
-18
Let a(g) = -2*g**3 - 56*g**2 + 1382*g - 156. Determine a(16).
-572
Let x(b) = 1133*b - 38520. Give x(34).
2
Let v(s) = -14*s**2 + 722*s + 8942. Determine v(-12).
-1738
Let x(s) = 9*s**3 - 2433*s**2 - 1628*s + 495. Calculate x(271).
-47
Let w(l) = -1128*l + 6157. Calculate w(6).
-611
Let f(l) = 42*l**2 + 1083*l + 4859. Give f(-20).
-1
Let x(a) = -7545*a - 7638. Determine x(-1).
-93
Let n(r) = -631*r + 5768. Give n(9).
89
Let r(i) = 91*i**2 - 59*i. Determine r(3).
642
Let z(r) = -80313*r + 6906927. What is z(86)?
9
Let h(o) = -5586*o + 50311. Calculate h(9).
37
Let p(h) = -3*h**2 - 1202*h + 27021. Determine p(-422).
13
Let w(x) = -x**3 + 16*x**2 - 196*x + 544. Determine w(6).
-272
Let m(s) = -s**2 - 2958*s + 17719. Calculate m(6).
-65
Let j(d) = 5*d**2 - 1293*d - 5188. Determine j(-4).
64
Let f(z) = 125*z + 1418. Calculate f(-6).
668
Let s(o) = -o**3 - 210*o**2 - 211*o - 13. Calculate s(-209).
405
Let r(z) = -968*z - 9412. Determine r(-8).
-1668
Let b(m) = -36*m**3 + 13*m**2 - 52*m + 39. Give b(1).
-36
Let s(m) = -228348*m - 1141760. Calculate s(-5).
-20
Let c(b) = -1062*b - 39160. Determine c(-37).
134
Let a(f) = 7*f**2 - 1802*f - 4683. Give a(260).
-3
Let c(z) = 11*z**2 + 10650*z - 19405. Calculate c(-970).
-5
Let l(h) = 198195*h + 1189188. Give l(-6).
18
Let s(x) = 11*x**2 - 9538*x + 9538. Calculate s(1).
11
Let y(u) = u**3 + 7*u**2 + 2157*u + 8547. What is y(-4)?
-33
Let y(u) = 13696*u + 27372. Calculate y(-2).
-20
Let a(j) = -j**2 + 443*j - 1714. What is a(4)?
42
Let w(u) = -u**3 - 6*u**2 + 42*u - 718. What is w(-17)?
1747
Let p(r) = 100744*r + 705199. Give p(-7).
-9
Let n(w) = -2*w**2 - 838*w + 197233. What is n(168)?
1
Let n(x) = x**2 - 1462*x - 50889. Determine n(-34).
-25
Let c(s) = 4*s**3 - 11*s**2 - 48*s + 55. Determine c(1).
0
Let l(x) = -4452*x + 41830. Calculate l(10).
-2690
Let v(x) = x**3 + 248*x**2 + 2837*x + 1179. Calculate v(-236).
-1
Let i(a) = -2*a**3 - 27*a**2 + 469*a + 6770. Determine i(-15).
410
Let v(x) = -x**3 + x**2 + 773*x + 10. Give v(0).
10
Let a(v) = -18*v**2 + 25621*v - 25623. Calculate a(1).
-20
Let y(c) = -6*c**2 + 1125*c + 3388. Give y(-3).
-41
Let s(o) = -o**3 - 89*o**2 + 97*o + 529. What is s(-90)?
-101
Let b(w) = -73*w**3 + 140*w**2 + 1938*w - 3867. What is b(2)?
-15
Let b(j) = 3*j**2 - 803*j + 3160. Calculate b(4).
-4
Let o(u) = -2596*u - 267392. What is o(-103)?
-4
Let l(u) = -602429*u + 3614558. Calculate l(6).
-16
Let c(n) = 3*n**2 - 45*n - 225. Determine c(33).
1557
Let x(q) = 473*q - 19936. Determine x(42).
-70
Let h(y) = -3520*y - 42240. What is h(-12)?
0
Let b(x) = -2*x**2 - 278*x + 43149. Determine b(93).
-3
Let j(a) = -a**3 + 10*a**2 + 60*a - 10. What is j(-5)?
65
Let o(x) = -271198*x + 33357367. What is o(123)?
13
Let a(d) = d**2 - 7643*d + 984066. Calculate a(131).
-6
Let s(x) = -5347*x + 64140. Determine s(12).
-24
Let i(d) = 2*d**3 + 37*d**2 - 383*d - 6920. Determine i(-19).
-4
Let j(p) = 3*p**3 + 20*p**2 - 339*p + 23. Give j(8).
127
Let u(d) = -d**3 - 47*d**2 + 163*d + 7772. Give u(-47).
111
Let j(l) = 401*l + 4470. What is j(-11)?
59
Let o(t) = -2*t**3 - 149*t**2 - 1552*t - 266. What is o(-62)?
-142
Let q(d) = 49*d**2 + 1380*d + 1567. Give q(-27).
28
Let q(g) = 4275*g - 132142. Calculate q(31).
383
Let n(y) = -2*y**2 - 2529*y + 189641. Give n(71).
0
Let f(k) = -5*k**2 - 159*k + 667. Give f(4).
-49
Let l(k) = 19632*k - 726378. What is l(37)?
6
Let